24*u = -716*u - 27680. List the prime factors of u.
2, 5, 173
Let l be -3*(17/2)/((-9)/30). Let h = l + -49. List the prime factors of h.
2, 3
Suppose 3*y = -4*m - y - 16, -4*y = 5*m + 16. Suppose m = 3*r + 5*r. List the prime factors of -1 + 27 + (r - -2).
2, 7
Let n(s) = -s**2 - 18*s + 10. Let b = -29 - -18. List the prime factors of n(b).
3, 29
Let a(u) = 23*u - 13. Let w be a(-7). Let z = -33 - w. What are the prime factors of z?
3, 47
Suppose 0*b + 3*b = 0. Let u(h) = -h**2 - h + 32. Let z(j) = 2*j**2 + 3*j - 32. Let x(f) = 3*u(f) + 2*z(f). List the prime factors of x(b).
2
List the prime factors of (-7)/(42/(-2148)) - -1.
359
Suppose 3 = -2*f - p, f + 4*p - 5 = -3. List the prime factors of (-644)/(-6) - f/(-6).
107
Let n = 635 - 963. Let z be n/56 - 1/7. Let p = z - -12. List the prime factors of p.
2, 3
Suppose -t - 3 = -6. Let p(o) = 5*o**2 + 2*o**3 - 3 - 3*o**3 + 3*o**2 + 2*o + 0*o**t. What are the prime factors of p(8)?
13
Let c(b) = -b**3 - 6*b**2 - 4*b + 6. Let l be c(-5). Let a(m) = 38*m**3 + 3*m**2 - m - 1. List the prime factors of a(l).
3, 13
Suppose -4 = o - 2. What are the prime factors of -2 + 54 - (o - (-5 - -2))?
3, 17
Let n(x) = 9*x**2 - 12*x - 2. List the prime factors of n(6).
2, 5
Suppose -2*f + 613 = -5*w, 2*f - 601 = -w + 2*w. What are the prime factors of f/4 - 3/(-12)?
3, 5
Suppose 0 = p - 2*h, -p + 4*h - 8 = -0*p. Suppose -3*i + 12 = 3*j - 0*j, -3*i + 14 = 5*j. Suppose i*z - p*z = -30. List the prime factors of z.
2, 3
Suppose 3*x = 3*c - 6, 4*x - 1 = 2*c - 17. Let p = 0 - 1. List the prime factors of (-24)/(p/((-8)/x)).
2
Let q be ((-88)/(-12))/((-4)/(-6)). Let u = 14 - q. What are the prime factors of u?
3
Let u be (-14)/21 - 140/(-3). Let v = 96 - u. Suppose -4*r + v = -26. What are the prime factors of r?
19
Suppose -3*t + 2*t + 4*k + 900 = 0, -5*t + 4*k = -4532. What are the prime factors of t?
2, 227
Suppose 4*z = -5*n + 226, -n - 2*n = -z - 122. Let s = -24 + n. Suppose 81 - s = g. What are the prime factors of g?
3, 7
Let f(g) = 2*g**2 - 7*g. Suppose 5*t = 2*a + 13, -3*a - t - 3*t = -38. Suppose -2*w = -4*x + 20, a = 5*x + 3*w - 19. List the prime factors of f(x).
3, 5
Suppose 21 = 12*z - 9*z. Suppose 5*k = z*k - 12. Suppose -3*u + 5*i = -94 - k, 3*i + 140 = 5*u. List the prime factors of u.
5
Suppose 2*z - 10 = -7*t + 4*t, 2*z + 10 = 2*t. Suppose 2*r = t*o - r - 440, 3*o - 347 = -2*r. List the prime factors of o.
113
List the prime factors of 1090*(-11 - -13) + 10.
2, 3, 5, 73
Let z(g) = g**2 - 18*g + 40. Let t be z(20). Suppose 3*u = t + 730. List the prime factors of u.
2, 3, 5
Let f = 212 - 112. Suppose 5*c - 2*r - 140 = 0, f + 12 = 4*c + 4*r. What are the prime factors of c?
2, 7
Let u be 186/8*(3 + 1). Suppose 0 = 5*m - 42 - 138. Suppose -3*n + u - m = 0. List the prime factors of n.
19
Let l = -521 - -918. List the prime factors of l.
397
Let l(y) = 2*y**3 - 6*y**2 + 14*y + 6. What are the prime factors of l(5)?
2, 11
Suppose 4*m + 5371 = 3*t - 9849, -3*t = 2*m - 15214. What are the prime factors of t?
2, 317
What are the prime factors of (-10 - -13) + (478 - 0) + -1?
2, 3, 5
Let v(d) = d + 6. Let s be v(-10). Let g be 0/(-1*(s + 2)). Suppose 3*t - 6 = -g*t. What are the prime factors of t?
2
Let j = 4 + 6. Let b = j - 6. Suppose -92 = b*s - 8*s. List the prime factors of s.
23
List the prime factors of (-100476)/(-63) - 8 - (-1)/7.
3, 23
Let h(r) = -32*r**3 + 3*r**2 + 9*r + 13. What are the prime factors of h(-2)?
263
Let z(y) = 127*y - 130*y - 2 - 1. Let v be z(9). What are the prime factors of (-9)/12 + v/(-8)?
3
Let y = 4613 + -3034. List the prime factors of y.
1579
What are the prime factors of 3178 - 2 - 0/(-15 - -5)?
2, 397
Let i = -11 - -11. Suppose i = 2*b - 7 - 37. List the prime factors of 6/(b/(-28) - -1).
2, 7
Let x(y) = y + 5. Let s be x(4). Suppose -105 = 3*a + s. What are the prime factors of (a - -26)*(-2 + 0)?
2, 3
Let r be 1/(1*(-2)/204). Let f = r - -237. List the prime factors of f.
3, 5
Suppose -3*b + 0*r - 15 = -5*r, 5*r - 15 = -b. Suppose -4*s + c = -592, b = -s - 5*c + 19 + 108. What are the prime factors of s?
3, 7
Suppose -5*i + 5*a + 3460 = 0, 5*i + 28*a - 3415 = 24*a. List the prime factors of i.
3, 229
Let n be (6/4 + -2)*0. Let z(x) = x**2 + 2. Let r be z(n). List the prime factors of (-16)/(-4)*1*r.
2
Let n(y) = 60*y**2 - 31*y + 1. List the prime factors of n(5).
2, 673
Let o(c) = 2*c**3 + 4*c**2 + 7*c - 8. List the prime factors of o(4).
2, 53
Let c = -262 + 313. What are the prime factors of c?
3, 17
Suppose -2*u + 5 = -11. Let z(i) = -i**3 + 9*i**2 - 4*i - 7. Let p be z(u). Suppose -2*w + 11 - 3 = 5*d, 3*w - p = -d. List the prime factors of w.
3
Let f(r) = 465*r**2 + 5*r + 14. What are the prime factors of f(3)?
2, 7, 43
Suppose n + 2*n = 90. Suppose 4*r + n = k - 59, k - 3*r = 90. List the prime factors of k.
3, 31
Suppose g + g - 3628 = 4*t, 2*g - t = 3640. What are the prime factors of g?
2, 911
Suppose 0 = 11*q - 6*q + 5. What are the prime factors of 0 + -2 + 45 - (-3)/q?
2, 5
Suppose -h - 2*m = -3*m - 39, 3*h + 5*m - 93 = 0. Let y = -31 + h. What are the prime factors of y?
5
Suppose 4*a = 4*b + 964, 3*a - 982 = -a - 5*b. Suppose -9*o = -6*o - a. List the prime factors of o.
3
Suppose -2*i + 13589 = 3*i + w, -i - 5*w + 2713 = 0. List the prime factors of i.
2, 3, 151
Let o be ((-2)/(-10) - (-8)/10)*5. Suppose -5*l + 3*r = -r - 265, -o*r = -4*l + 212. List the prime factors of l.
53
Suppose 116*r - 3*y - 3939 = 111*r, 4*r = y + 3147. List the prime factors of r.
2, 3, 131
Let u(g) = g**2 + 6*g - 15. Let n be u(-9). List the prime factors of ((-16)/n)/(-1) - 1642/(-6).
5, 11
Suppose -44*r - 175 = -45*r. What are the prime factors of r?
5, 7
Let m = -10 - -12. Suppose 0 = -m*v - 0*v - f + 13, 0 = -2*v - 3*f + 19. List the prime factors of (-612)/(-45) - (-2)/v.
2, 7
Let y = 1 - -12. Suppose -11*p = 20 + 24. Let g = y + p. What are the prime factors of g?
3
Let l(c) = -24*c + 3. Let b(k) = -24*k + 2. Let w(z) = 6*b(z) - 5*l(z). Let q be w(-3). Suppose 5*y - q = 61. List the prime factors of y.
2, 13
Let g(c) = 2*c - 6. Let y = -28 + 25. Let k be g(y). List the prime factors of ((-21)/k)/(2/40).
5, 7
Let d = 55 + -57. List the prime factors of (-2 + (-171)/2)*d.
5, 7
Let l(x) be the second derivative of 2*x**3/3 + 17*x**2/2 + 2*x. What are the prime factors of l(5)?
37
Let n(a) = -a**3 + 17*a**2 - 2*a - 31. List the prime factors of n(12).
5, 7, 19
Suppose -y - 3*h = -8, -8 = 2*y - h + 4. What are the prime factors of (4/(y/(-3)))/(3/79)?
79
List the prime factors of (-136)/(-170)*(6134 - -1) + 7.
5, 983
Suppose -o = -13*t + 10*t + 7526, o + 12540 = 5*t. What are the prime factors of t?
23, 109
Let w = -100 - -131. Let f(t) = t**3 - 4*t**2 + 4*t - 3. Let s be f(3). Suppose 3*c + 62 = 5*q - s*q, -2*q + w = 5*c. List the prime factors of q.
13
Suppose 3*o = 5*p - 603, -4*p - 2*o + 167 = -311. List the prime factors of p.
2, 3, 5
Let d(v) = -947*v - 162. What are the prime factors of d(-4)?
2, 7, 37
Let o = -53 - -232. Suppose -s = -68 - o. What are the prime factors of s?
13, 19
Suppose 11 = 4*i - 3*z + 2*z, 0 = 3*i - z - 9. Suppose -3*f - i*f = -275. List the prime factors of f.
5, 11
Suppose 0 = b - 6*b + 25. Let a(g) = -4*g + 0 - 9 + g**2 - 5 + b*g. What are the prime factors of a(8)?
2, 29
Suppose 195 = k + 12. List the prime factors of k.
3, 61
Suppose -277 - 8399 = -18*i. List the prime factors of i.
2, 241
Let o(q) = -3 - 4*q + 7*q**2 + q**3 - q + 0*q. Let t be o(-7). List the prime factors of ((-40)/t)/(1/(-32)).
2, 5
Suppose 5*r + 19*g = 21*g + 10576, -3*r = 5*g - 6327. List the prime factors of r.
2, 7, 151
Let u be 1/(((-16)/44)/4). Let i = 26 + u. Suppose -3*m - 3*r = -i, -3*m = 5*r - 7 - 4. List the prime factors of m.
7
Suppose -5*m = 10, -4*j + 2*j = 3*m. Suppose 0*z - 19 = 2*b + j*z, b = z + 3. What are the prime factors of 7 + -4 + 11 + b?
2, 3
Suppose 18483 + 34737 = 30*o. List the prime factors of o.
2, 887
Suppose -2*t = -3*s + 8676, -4*t + 1 = 13. List the prime factors of s.
2, 5, 17
Suppose 3*i + 3 = -r, -i + 24 = 4*r + 2*i. Let l = r + 95. List the prime factors of l.
2, 13
Let g = -69 + 66. What are the prime factors of (2/g)/(18/(-3105))?
5, 23
Let r(z) = 21*z**3 + 6*z**2 - 14*z - 54. List the prime factors of r(6).
2, 3, 769
Let d 